1220
In base 10, what is -1394 + -19?
-1413
In base 3, what is -22 - -202011?
201212
In base 9, what is 157235 - 2?
157233
In base 6, what is -1 + -15205420?
-15205421
In base 5, what is 21 - 3131024?
-3131003
In base 2, what is -111110001010100 - -11?
-111110001010001
In base 9, what is 4 - -835053?
835057
In base 2, what is 10 - -100100110011000111?
100100110011001001
In base 4, what is 0 - 11221003?
-11221003
In base 9, what is -1405876 + 3?
-1405873
In base 10, what is 57 + -451?
-394
In base 15, what is cd868d - 3?
cd868a
In base 10, what is 48 - 90606?
-90558
In base 11, what is -4 - 64144?
-64148
In base 9, what is -50 + 106000?
105840
In base 12, what is 10a60 - 7?
10a55
In base 6, what is -140531 + -2?
-140533
In base 4, what is -311123110 + 11?
-311123033
In base 12, what is 43 - 1637?
-15b4
In base 6, what is -102004 - 20?
-102024
In base 8, what is 145335 + 4?
145341
In base 2, what is -1001100001 + -110000?
-1010010001
In base 16, what is -aff + 15?
-aea
In base 4, what is -102112 - 2233?
-111011
In base 3, what is -112202201 + 1102?
-112201022
In base 11, what is -1aa + 453?
254
In base 13, what is -1c224 + 2?
-1c222
In base 5, what is -20241 + 20?
-20221
In base 11, what is 3841 - 7?
3835
In base 15, what is -35b - b32?
-e8d
In base 5, what is -1210 - 23?
-1233
In base 12, what is -165b - -17?
-1644
In base 13, what is 17b7 + 4?
17bb
In base 16, what is -5 + -bbb1?
-bbb6
In base 11, what is -5 - -17053?
17049
In base 12, what is 17 + -35b8b?
-35b74
In base 13, what is -3 - 4a31c?
-4a322
In base 16, what is -2 - 16ca06?
-16ca08
In base 3, what is 202000120 - 11?
202000102
In base 5, what is -2232 + -2?
-2234
In base 8, what is -443241 + 22?
-443217
In base 8, what is -2157 + -45?
-2224
In base 14, what is -12846 - 1?
-12847
In base 3, what is 2202 + -20020210?
-20011001
In base 9, what is -4 - -126567?
126563
In base 11, what is -9 + -143021?
-14302a
In base 10, what is -129583 - -1?
-129582
In base 14, what is -7 + 82c41?
82c38
In base 6, what is 1030 - -434?
1504
In base 15, what is 63 + 259?
2bc
In base 14, what is 173 - -5920?
5a93
In base 16, what is f49a - -11?
f4ab
In base 10, what is -35675 - 1?
-35676
In base 5, what is -4 - -131201?
131142
In base 12, what is 2a46a + -5?
2a465
In base 14, what is 734d - -20?
736d
In base 12, what is -4b43 + -36?
-4b79
In base 15, what is 5a6 - 170?
436
In base 16, what is 51d3f + 8?
51d47
In base 6, what is -3 - 5040134?
-5040141
In base 10, what is 350 - -193?
543
In base 9, what is -73203 - 2?
-73205
In base 11, what is 4144 + -207?
3a38
In base 8, what is 115 - -10661?
10776
In base 7, what is 5 + -211563?
-211555
In base 15, what is bd25 - -6?
bd2b
In base 10, what is -23 - -4959?
4936
In base 6, what is -21421 - -45?
-21332
In base 9, what is -154 + 4148?
3884
In base 7, what is -4525552 - 2?
-4525554
In base 6, what is -30 + -1445511?
-1445541
In base 4, what is -10133310322 - 2?
-10133310330
In base 13, what is 6 - -5809?
5812
In base 5, what is -32 + 44311?
44224
In base 13, what is 1 - -70577?
70578
In base 2, what is -110011011100 - 11011010?
-110110110110
In base 14, what is -4 - 69d46?
-69d4a
In base 11, what is 69265 - -6?
69270
In base 12, what is -4a + -1636?
-1684
In base 6, what is 514025 + 133?
514202
In base 15, what is -13a0 - -5?
-139a
In base 10, what is -1189 + -7?
-1196
In base 2, what is 111001110100110 - -10101?
111001110111011
In base 6, what is -4 + 42121321?
42121313
In base 7, what is -4425050 + -2?
-4425052
In base 4, what is -11 + 1202120?
1202103
In base 10, what is 2365 - 8?
2357
In base 5, what is 42223234 - -2?
42223241
In base 10, what is 868 + 2228?
3096
In base 15, what is -e76c - 3?
-e770
In base 7, what is 20 + 115344?
115364
In base 15, what is -ba3b0 + -1?
-ba3b1
In base 13, what is cc2 - 16c?
b53
In base 11, what is -40 + 1a5a?
1a1a
In base 3, what is -100 - -1001002112?
1001002012
In base 10, what is -2 + -4345?
-4347
In base 13, what is 92182 - 0?
92182
In base 2, what is -11 - 110110010010110111?
-110110010010111010
In base 8, what is 46 - -4626?
4674
In base 14, what is -395d - 11?
-3970
In base 15, what is -809 - c75?
-157e
In base 9, what is -28715 - -4?
-28711
In base 16, what is 7b64f + -6?
7b649
In base 8, what is 31 + 142041?
142072
In base 10, what is 591 + -271?
320
In base 8, what is -2503601 - 5?
-2503606
In base 16, what is -13 - -168?
155
In base 5, what is 1431212 - -10?
1431222
In base 5, what is 3021 + -1232?
1234
In base 15, what is -53 - 16cb?
-172e
In base 2, what is -10 - -11011001111111?
11011001111101
In base 15, what is -1b7 - -31b?
154
In base 9, what is 2186 + 172?
2368
In base 10, what is 12 - -174952?
174964
In base 5, what is 23424 + 14200?
43124
In base 10, what is 5 + 3358?
3363
In base 15, what is -d27 + -164?
-e8b
In base 15, what is 0 - -4c8e?
4c8e
In base 11, what is 6 - -9915?
9920
In base 7, what is 1 + -460422?
-460421
In base 14, what is 1393d6 - -4?
1393da
In base 3, what is -2100 + 2100011?
2020211
In base 15, what is -ceeabb + -5?
-ceeac1
In base 14, what is -2 + -268?
-26a
In base 13, what is -124438 + -2?
-12443a
In base 3, what is -1212 + 2000000?
1221011
In base 8, what is 12 + -55067?
-55055
In base 16, what is 212e - -7?
2135
In base 7, what is -60 + 263?
203
In base 5, what is -3331302 - -3?
-3331244
In base 6, what is 2122 - -15341?
21503
In base 8, what is 2 - 42131?
-42127
In base 8, what is -61 + 7414?
7333
In base 9, what is -543357 - -5?
-543352
In base 2, what is 110 - 10101000?
-10100010
In base 6, what is 102425 + 10?
102435
In base 11, what is -2044a - -10?
-2043a
In base 5, what is -1244 - -24122?
22323
In base 4, what is 2233020100 + -10?
2233020030
In base 6, what is -12035 - 24140?
-40215
In base 13, what is 2b1 - 5?
2a9
In base 6, what is -15 - 301415?
-301434
In base 2, what is 10101100010110100001 - 11?
10101100010110011110
In base 2, what is 1 + -111101111110?
-111101111101
In base 15, what is -3c2 - -15?
-3ac
In base 9, what is -3 + 1131378?
1131375
In base 13, what is 291b2 + 1?
291b3
In base 6, what is -31111 - 13?
-31124
In base 12, what is 13b91b + -4?
13b917
In base 4, what is 2332103 - 30?
2332013
In base 10, what is 117196 - -2?
117198
In base 9, what is -124826 + 2?
-124824
In base 6, what is 54130 - 0?
54130
In base 8, what is -2442 + 16?
-2424
In base 5, what is -10410 + 2?
-10403
In base 6, what is -4 - -230213?
230205
In base 5, what is 12 - -1002112?
1002124
In base 6, what is 214243 + -4?
214235
In base 15, what is -5 - 313a?
-3140
In base 10, what is 1643 + -60?
1583
In base 9, what is -101338 - 1?
-101340
In base 7, what is 5 - 56431?
-56423
In base 6, what is -30244 - -1?
-30243
In base 6, what is -510205 + 32?
-510133
In base 6, what is -121525 - 1212?
-123141
In base 2, what is 1010 - -100110110000010110?
100110110000100000
In base 15, what is -3 - -84ba7?
84ba4
In base 7, what is 33135556 + 5?
33135564
In base 6, what is -155 + 2534?
2335
In base 9, what is -50 - -558?
508
In base 2, what is 101 + -1010011010?
-1010010101
In base 4, what is 0 - -310320101?
310320101
In base 12, what is b410a + -3?
b4107
In base 7, what is 16 - 16051?
-16032
In base 5, what is -1220420 + 10?
-1220410
In base 9, what is 26 - 3572?
-3545
In base 6, what is -13 - 1142132?
-1142145
In base 12, what is -4 - -2a6a?
2a66
In base 5, what is -30112 - -41?
-30021
In base 13, what is 650 + 60?
6b0
In base 10, what is -1834 + -22?
-1856
In base 3, what is 21020212 - -221012?
22012001
In base 11, what is 12875 + -39?
12837
In base 13, what is 10756 + 1?
10757
In base 7, what is -1 - -1203454?
1203453
In base 2, what is -11111001 + 101010011001001?
101001111010000
In base 9, what is -1263118 - 0?
-1263118
In base 6, what is 1 + -314344?
-314343
In base 4, what is -20120300 - -2?
-20120232
In base 12, what is -80 + -b4?
-174
In base 8, what is -2 - -10725?
10723
In base 4, what is -21333202 - -10?
-21333132
In base 2, what is 1000 + 100101101110101?
100101101111101
In base 13, what is 1058 - 4a?
100b
In base 12, what is -a0 - 1026?
-1106
In base 11, what is 3 + -58955?
-58952
In base 9, what is 10 + -1731?
-1721
In base 3, what is 1000010221210 + 2?
1000010221212
In base 2, what is 101101110101111 - 11?
101101110101100
In base 7, what is 1111056 - 3?
1111053
In base 11, what is 5 - 